{"id":7629,"date":"2024-03-26T19:38:30","date_gmt":"2024-03-26T19:38:30","guid":{"rendered":"https:\/\/digitaltechnology.com.ar\/vinilosencd\/privacy-policy-copy\/"},"modified":"2024-03-26T19:43:14","modified_gmt":"2024-03-26T19:43:14","slug":"devoluciones-y-reembolso","status":"publish","type":"page","link":"https:\/\/digitaltechnology.com.ar\/vinilosencd\/devoluciones-y-reembolso\/","title":{"rendered":"Devoluciones y reembolso"},"content":{"rendered":"\n<h2 class=\"wp-block-heading\">Pol\u00edtica de devoluciones y reembolsos:<\/h2>\n\n\n\n<p>Tienes derecho a cancelar tu pedido dentro de los 30 d\u00edas sin dar ninguna raz\u00f3n para hacerlo.<\/p>\n\n\n\n<p>El plazo para anular un pedido es de 30 d\u00edas a partir de la fecha en que recibiste la mercanc\u00eda o en el que un tercero que hayas designado, que no sea el transportista, tome posesi\u00f3n del producto entregado.<\/p>\n\n\n\n<p>Para ejercer tu derecho de cancelaci\u00f3n, debes informarnos de tu decisi\u00f3n mediante una declaraci\u00f3n clara.<\/p>\n\n\n\n<p>Puedes informarnos por el correo electr\u00f3nico vinolosencd@gmail.com<\/p>\n\n\n\n<p>Te reembolsaremos a m\u00e1s tardar en 30 d\u00edas a partir del d\u00eda en que recibamos los bienes devueltos. Usaremos el mismo medio de pago que utilizaste para el pedido y no incurrir\u00e1s en ning\u00fan cargo por dicho reembolso.<\/p>\n\n\n\n<h2 class=\"wp-block-heading\">Condiciones para devoluciones:<\/h2>\n\n\n\n<p>Para que los bienes sean elegibles para una devoluci\u00f3n, aseg\u00farate de que:<strong class=\"privacy-policy-tutorial\"><\/strong><\/p>\n\n\n\n<p>Se compraron en los \u00faltimos 30 d\u00edas.<\/p>\n\n\n\n<h2 class=\"wp-block-heading\">Cont\u00e1ctanos:<\/h2>\n\n\n\n<p>Si tienes alguna pregunta sobre nuestra Pol\u00edtica de devoluciones y reembolsos, comun\u00edcate con nosotros por el correo electr\u00f3nico vinilosencd@gmail.com<\/p>\n<div class=\"pvc_clear\"><\/div><p id=\"pvc_stats_7629\" class=\"pvc_stats all  \" data-element-id=\"7629\" style=\"\"><i class=\"pvc-stats-icon medium\" aria-hidden=\"true\"><svg aria-hidden=\"true\" focusable=\"false\" data-prefix=\"far\" data-icon=\"chart-bar\" role=\"img\" xmlns=\"http:\/\/www.w3.org\/2000\/svg\" viewBox=\"0 0 512 512\" class=\"svg-inline--fa fa-chart-bar fa-w-16 fa-2x\"><path fill=\"currentColor\" d=\"M396.8 352h22.4c6.4 0 12.8-6.4 12.8-12.8V108.8c0-6.4-6.4-12.8-12.8-12.8h-22.4c-6.4 0-12.8 6.4-12.8 12.8v230.4c0 6.4 6.4 12.8 12.8 12.8zm-192 0h22.4c6.4 0 12.8-6.4 12.8-12.8V140.8c0-6.4-6.4-12.8-12.8-12.8h-22.4c-6.4 0-12.8 6.4-12.8 12.8v198.4c0 6.4 6.4 12.8 12.8 12.8zm96 0h22.4c6.4 0 12.8-6.4 12.8-12.8V204.8c0-6.4-6.4-12.8-12.8-12.8h-22.4c-6.4 0-12.8 6.4-12.8 12.8v134.4c0 6.4 6.4 12.8 12.8 12.8zM496 400H48V80c0-8.84-7.16-16-16-16H16C7.16 64 0 71.16 0 80v336c0 17.67 14.33 32 32 32h464c8.84 0 16-7.16 16-16v-16c0-8.84-7.16-16-16-16zm-387.2-48h22.4c6.4 0 12.8-6.4 12.8-12.8v-70.4c0-6.4-6.4-12.8-12.8-12.8h-22.4c-6.4 0-12.8 6.4-12.8 12.8v70.4c0 6.4 6.4 12.8 12.8 12.8z\" class=\"\"><\/path><\/svg><\/i> <img decoding=\"async\" width=\"16\" height=\"16\" alt=\"Loading\" data-src=\"https:\/\/digitaltechnology.com.ar\/vinilosencd\/wp-content\/plugins\/page-views-count\/ajax-loader-2x.gif\" border=0 src=\"data:image\/svg+xml;base64,PHN2ZyB3aWR0aD0iMSIgaGVpZ2h0PSIxIiB4bWxucz0iaHR0cDovL3d3dy53My5vcmcvMjAwMC9zdmciPjwvc3ZnPg==\" class=\"lazyload\" style=\"--smush-placeholder-width: 16px; --smush-placeholder-aspect-ratio: 16\/16;\" \/><\/p><div class=\"pvc_clear\"><\/div>","protected":false},"excerpt":{"rendered":"<p>Pol\u00edtica de devoluciones y reembolsos: Tienes derecho a cancelar tu pedido dentro de los 30 d\u00edas sin dar ninguna raz\u00f3n para hacerlo. El plazo para anular un pedido es de 30 d\u00edas a partir de la fecha en que recibiste la mercanc\u00eda o en el que un tercero que hayas designado, que no sea el [&hellip;]<\/p>\n<div class=\"pvc_clear\"><\/div>\n<p id=\"pvc_stats_7629\" class=\"pvc_stats all  \" data-element-id=\"7629\" style=\"\"><i class=\"pvc-stats-icon medium\" aria-hidden=\"true\"><svg aria-hidden=\"true\" focusable=\"false\" data-prefix=\"far\" data-icon=\"chart-bar\" role=\"img\" xmlns=\"http:\/\/www.w3.org\/2000\/svg\" viewBox=\"0 0 512 512\" class=\"svg-inline--fa fa-chart-bar fa-w-16 fa-2x\"><path fill=\"currentColor\" d=\"M396.8 352h22.4c6.4 0 12.8-6.4 12.8-12.8V108.8c0-6.4-6.4-12.8-12.8-12.8h-22.4c-6.4 0-12.8 6.4-12.8 12.8v230.4c0 6.4 6.4 12.8 12.8 12.8zm-192 0h22.4c6.4 0 12.8-6.4 12.8-12.8V140.8c0-6.4-6.4-12.8-12.8-12.8h-22.4c-6.4 0-12.8 6.4-12.8 12.8v198.4c0 6.4 6.4 12.8 12.8 12.8zm96 0h22.4c6.4 0 12.8-6.4 12.8-12.8V204.8c0-6.4-6.4-12.8-12.8-12.8h-22.4c-6.4 0-12.8 6.4-12.8 12.8v134.4c0 6.4 6.4 12.8 12.8 12.8zM496 400H48V80c0-8.84-7.16-16-16-16H16C7.16 64 0 71.16 0 80v336c0 17.67 14.33 32 32 32h464c8.84 0 16-7.16 16-16v-16c0-8.84-7.16-16-16-16zm-387.2-48h22.4c6.4 0 12.8-6.4 12.8-12.8v-70.4c0-6.4-6.4-12.8-12.8-12.8h-22.4c-6.4 0-12.8 6.4-12.8 12.8v70.4c0 6.4 6.4 12.8 12.8 12.8z\" class=\"\"><\/path><\/svg><\/i> <img decoding=\"async\" width=\"16\" height=\"16\" alt=\"Loading\" data-src=\"https:\/\/digitaltechnology.com.ar\/vinilosencd\/wp-content\/plugins\/page-views-count\/ajax-loader-2x.gif\" border=0 src=\"data:image\/svg+xml;base64,PHN2ZyB3aWR0aD0iMSIgaGVpZ2h0PSIxIiB4bWxucz0iaHR0cDovL3d3dy53My5vcmcvMjAwMC9zdmciPjwvc3ZnPg==\" class=\"lazyload\" style=\"--smush-placeholder-width: 16px; --smush-placeholder-aspect-ratio: 16\/16;\" \/><\/p>\n<div class=\"pvc_clear\"><\/div>\n","protected":false},"author":1,"featured_media":0,"parent":0,"menu_order":13,"comment_status":"closed","ping_status":"closed","template":"","meta":{"site-sidebar-layout":"default","site-content-layout":"","ast-site-content-layout":"default","site-content-style":"default","site-sidebar-style":"default","ast-global-header-display":"","ast-banner-title-visibility":"","ast-main-header-display":"","ast-hfb-above-header-display":"","ast-hfb-below-header-display":"","ast-hfb-mobile-header-display":"","site-post-title":"","ast-breadcrumbs-content":"","ast-featured-img":"","footer-sml-layout":"","theme-transparent-header-meta":"","adv-header-id-meta":"","stick-header-meta":"","header-above-stick-meta":"","header-main-stick-meta":"","header-below-stick-meta":"","astra-migrate-meta-layouts":"set","ast-page-background-enabled":"default","ast-page-background-meta":{"desktop":{"background-color":"var(--ast-global-color-4)","background-image":"","background-repeat":"repeat","background-position":"center center","background-size":"auto","background-attachment":"scroll","background-type":"","background-media":"","overlay-type":"","overlay-color":"","overlay-opacity":"","overlay-gradient":""},"tablet":{"background-color":"","background-image":"","background-repeat":"repeat","background-position":"center center","background-size":"auto","background-attachment":"scroll","background-type":"","background-media":"","overlay-type":"","overlay-color":"","overlay-opacity":"","overlay-gradient":""},"mobile":{"background-color":"","background-image":"","background-repeat":"repeat","background-position":"center center","background-size":"auto","background-attachment":"scroll","background-type":"","background-media":"","overlay-type":"","overlay-color":"","overlay-opacity":"","overlay-gradient":""}},"ast-content-background-meta":{"desktop":{"background-color":"var(--ast-global-color-5)","background-image":"","background-repeat":"repeat","background-position":"center center","background-size":"auto","background-attachment":"scroll","background-type":"","background-media":"","overlay-type":"","overlay-color":"","overlay-opacity":"","overlay-gradient":""},"tablet":{"background-color":"var(--ast-global-color-5)","background-image":"","background-repeat":"repeat","background-position":"center center","background-size":"auto","background-attachment":"scroll","background-type":"","background-media":"","overlay-type":"","overlay-color":"","overlay-opacity":"","overlay-gradient":""},"mobile":{"background-color":"var(--ast-global-color-5)","background-image":"","background-repeat":"repeat","background-position":"center center","background-size":"auto","background-attachment":"scroll","background-type":"","background-media":"","overlay-type":"","overlay-color":"","overlay-opacity":"","overlay-gradient":""}},"footnotes":""},"class_list":["post-7629","page","type-page","status-publish","hentry"],"yoast_head":"<!-- This site is optimized with the Yoast SEO plugin v27.4 - https:\/\/yoast.com\/product\/yoast-seo-wordpress\/ -->\n<title>Devoluciones y reembolso - Vinilos en Cd<\/title>\n<meta name=\"robots\" content=\"index, follow, max-snippet:-1, max-image-preview:large, max-video-preview:-1\" \/>\n<link rel=\"canonical\" href=\"https:\/\/digitaltechnology.com.ar\/vinilosencd\/devoluciones-y-reembolso\/\" \/>\n<meta property=\"og:locale\" content=\"es_ES\" \/>\n<meta property=\"og:type\" content=\"article\" \/>\n<meta property=\"og:title\" content=\"Devoluciones y reembolso - Vinilos en Cd\" \/>\n<meta property=\"og:description\" content=\"Pol\u00edtica de devoluciones y reembolsos: Tienes derecho a cancelar tu pedido dentro de los 30 d\u00edas sin dar ninguna raz\u00f3n para hacerlo. El plazo para anular un pedido es de 30 d\u00edas a partir de la fecha en que recibiste la mercanc\u00eda o en el que un tercero que hayas designado, que no sea el [&hellip;]\" \/>\n<meta property=\"og:url\" content=\"https:\/\/digitaltechnology.com.ar\/vinilosencd\/devoluciones-y-reembolso\/\" \/>\n<meta property=\"og:site_name\" content=\"Vinilos en Cd\" \/>\n<meta property=\"article:modified_time\" content=\"2024-03-26T19:43:14+00:00\" \/>\n<meta name=\"twitter:card\" content=\"summary_large_image\" \/>\n<meta name=\"twitter:label1\" content=\"Tiempo de lectura\" \/>\n\t<meta name=\"twitter:data1\" content=\"1 minuto\" \/>\n<script type=\"application\/ld+json\" class=\"yoast-schema-graph\">{\"@context\":\"https:\\\/\\\/schema.org\",\"@graph\":[{\"@type\":\"WebPage\",\"@id\":\"https:\\\/\\\/digitaltechnology.com.ar\\\/vinilosencd\\\/devoluciones-y-reembolso\\\/\",\"url\":\"https:\\\/\\\/digitaltechnology.com.ar\\\/vinilosencd\\\/devoluciones-y-reembolso\\\/\",\"name\":\"Devoluciones y reembolso - Vinilos en Cd\",\"isPartOf\":{\"@id\":\"https:\\\/\\\/digitaltechnology.com.ar\\\/vinilosencd\\\/#website\"},\"datePublished\":\"2024-03-26T19:38:30+00:00\",\"dateModified\":\"2024-03-26T19:43:14+00:00\",\"breadcrumb\":{\"@id\":\"https:\\\/\\\/digitaltechnology.com.ar\\\/vinilosencd\\\/devoluciones-y-reembolso\\\/#breadcrumb\"},\"inLanguage\":\"es\",\"potentialAction\":[{\"@type\":\"ReadAction\",\"target\":[\"https:\\\/\\\/digitaltechnology.com.ar\\\/vinilosencd\\\/devoluciones-y-reembolso\\\/\"]}]},{\"@type\":\"BreadcrumbList\",\"@id\":\"https:\\\/\\\/digitaltechnology.com.ar\\\/vinilosencd\\\/devoluciones-y-reembolso\\\/#breadcrumb\",\"itemListElement\":[{\"@type\":\"ListItem\",\"position\":1,\"name\":\"Portada\",\"item\":\"https:\\\/\\\/digitaltechnology.com.ar\\\/vinilosencd\\\/\"},{\"@type\":\"ListItem\",\"position\":2,\"name\":\"Devoluciones y reembolso\"}]},{\"@type\":\"WebSite\",\"@id\":\"https:\\\/\\\/digitaltechnology.com.ar\\\/vinilosencd\\\/#website\",\"url\":\"https:\\\/\\\/digitaltechnology.com.ar\\\/vinilosencd\\\/\",\"name\":\"Vinilos en Cd\",\"description\":\"Vinilos en Cd\",\"publisher\":{\"@id\":\"https:\\\/\\\/digitaltechnology.com.ar\\\/vinilosencd\\\/#\\\/schema\\\/person\\\/3daaa8782955ec57673395a497415cb6\"},\"potentialAction\":[{\"@type\":\"SearchAction\",\"target\":{\"@type\":\"EntryPoint\",\"urlTemplate\":\"https:\\\/\\\/digitaltechnology.com.ar\\\/vinilosencd\\\/?s={search_term_string}\"},\"query-input\":{\"@type\":\"PropertyValueSpecification\",\"valueRequired\":true,\"valueName\":\"search_term_string\"}}],\"inLanguage\":\"es\"},{\"@type\":[\"Person\",\"Organization\"],\"@id\":\"https:\\\/\\\/digitaltechnology.com.ar\\\/vinilosencd\\\/#\\\/schema\\\/person\\\/3daaa8782955ec57673395a497415cb6\",\"name\":\"admin\",\"image\":{\"@type\":\"ImageObject\",\"inLanguage\":\"es\",\"@id\":\"https:\\\/\\\/digitaltechnology.com.ar\\\/vinilosencd\\\/wp-content\\\/uploads\\\/2023\\\/07\\\/cropped-LOGO-CHICO-Centrado.png\",\"url\":\"https:\\\/\\\/digitaltechnology.com.ar\\\/vinilosencd\\\/wp-content\\\/uploads\\\/2023\\\/07\\\/cropped-LOGO-CHICO-Centrado.png\",\"contentUrl\":\"https:\\\/\\\/digitaltechnology.com.ar\\\/vinilosencd\\\/wp-content\\\/uploads\\\/2023\\\/07\\\/cropped-LOGO-CHICO-Centrado.png\",\"width\":1998,\"height\":457,\"caption\":\"admin\"},\"logo\":{\"@id\":\"https:\\\/\\\/digitaltechnology.com.ar\\\/vinilosencd\\\/wp-content\\\/uploads\\\/2023\\\/07\\\/cropped-LOGO-CHICO-Centrado.png\"},\"sameAs\":[\"http:\\\/\\\/vinilosencd.free.nf\"]}]}<\/script>\n<!-- \/ Yoast SEO plugin. -->","yoast_head_json":{"title":"Devoluciones y reembolso - Vinilos en Cd","robots":{"index":"index","follow":"follow","max-snippet":"max-snippet:-1","max-image-preview":"max-image-preview:large","max-video-preview":"max-video-preview:-1"},"canonical":"https:\/\/digitaltechnology.com.ar\/vinilosencd\/devoluciones-y-reembolso\/","og_locale":"es_ES","og_type":"article","og_title":"Devoluciones y reembolso - Vinilos en Cd","og_description":"Pol\u00edtica de devoluciones y reembolsos: Tienes derecho a cancelar tu pedido dentro de los 30 d\u00edas sin dar ninguna raz\u00f3n para hacerlo. El plazo para anular un pedido es de 30 d\u00edas a partir de la fecha en que recibiste la mercanc\u00eda o en el que un tercero que hayas designado, que no sea el [&hellip;]","og_url":"https:\/\/digitaltechnology.com.ar\/vinilosencd\/devoluciones-y-reembolso\/","og_site_name":"Vinilos en Cd","article_modified_time":"2024-03-26T19:43:14+00:00","twitter_card":"summary_large_image","twitter_misc":{"Tiempo de lectura":"1 minuto"},"schema":{"@context":"https:\/\/schema.org","@graph":[{"@type":"WebPage","@id":"https:\/\/digitaltechnology.com.ar\/vinilosencd\/devoluciones-y-reembolso\/","url":"https:\/\/digitaltechnology.com.ar\/vinilosencd\/devoluciones-y-reembolso\/","name":"Devoluciones y reembolso - Vinilos en Cd","isPartOf":{"@id":"https:\/\/digitaltechnology.com.ar\/vinilosencd\/#website"},"datePublished":"2024-03-26T19:38:30+00:00","dateModified":"2024-03-26T19:43:14+00:00","breadcrumb":{"@id":"https:\/\/digitaltechnology.com.ar\/vinilosencd\/devoluciones-y-reembolso\/#breadcrumb"},"inLanguage":"es","potentialAction":[{"@type":"ReadAction","target":["https:\/\/digitaltechnology.com.ar\/vinilosencd\/devoluciones-y-reembolso\/"]}]},{"@type":"BreadcrumbList","@id":"https:\/\/digitaltechnology.com.ar\/vinilosencd\/devoluciones-y-reembolso\/#breadcrumb","itemListElement":[{"@type":"ListItem","position":1,"name":"Portada","item":"https:\/\/digitaltechnology.com.ar\/vinilosencd\/"},{"@type":"ListItem","position":2,"name":"Devoluciones y reembolso"}]},{"@type":"WebSite","@id":"https:\/\/digitaltechnology.com.ar\/vinilosencd\/#website","url":"https:\/\/digitaltechnology.com.ar\/vinilosencd\/","name":"Vinilos en Cd","description":"Vinilos en Cd","publisher":{"@id":"https:\/\/digitaltechnology.com.ar\/vinilosencd\/#\/schema\/person\/3daaa8782955ec57673395a497415cb6"},"potentialAction":[{"@type":"SearchAction","target":{"@type":"EntryPoint","urlTemplate":"https:\/\/digitaltechnology.com.ar\/vinilosencd\/?s={search_term_string}"},"query-input":{"@type":"PropertyValueSpecification","valueRequired":true,"valueName":"search_term_string"}}],"inLanguage":"es"},{"@type":["Person","Organization"],"@id":"https:\/\/digitaltechnology.com.ar\/vinilosencd\/#\/schema\/person\/3daaa8782955ec57673395a497415cb6","name":"admin","image":{"@type":"ImageObject","inLanguage":"es","@id":"https:\/\/digitaltechnology.com.ar\/vinilosencd\/wp-content\/uploads\/2023\/07\/cropped-LOGO-CHICO-Centrado.png","url":"https:\/\/digitaltechnology.com.ar\/vinilosencd\/wp-content\/uploads\/2023\/07\/cropped-LOGO-CHICO-Centrado.png","contentUrl":"https:\/\/digitaltechnology.com.ar\/vinilosencd\/wp-content\/uploads\/2023\/07\/cropped-LOGO-CHICO-Centrado.png","width":1998,"height":457,"caption":"admin"},"logo":{"@id":"https:\/\/digitaltechnology.com.ar\/vinilosencd\/wp-content\/uploads\/2023\/07\/cropped-LOGO-CHICO-Centrado.png"},"sameAs":["http:\/\/vinilosencd.free.nf"]}]}},"_links":{"self":[{"href":"https:\/\/digitaltechnology.com.ar\/vinilosencd\/wp-json\/wp\/v2\/pages\/7629","targetHints":{"allow":["GET"]}}],"collection":[{"href":"https:\/\/digitaltechnology.com.ar\/vinilosencd\/wp-json\/wp\/v2\/pages"}],"about":[{"href":"https:\/\/digitaltechnology.com.ar\/vinilosencd\/wp-json\/wp\/v2\/types\/page"}],"author":[{"embeddable":true,"href":"https:\/\/digitaltechnology.com.ar\/vinilosencd\/wp-json\/wp\/v2\/users\/1"}],"replies":[{"embeddable":true,"href":"https:\/\/digitaltechnology.com.ar\/vinilosencd\/wp-json\/wp\/v2\/comments?post=7629"}],"version-history":[{"count":0,"href":"https:\/\/digitaltechnology.com.ar\/vinilosencd\/wp-json\/wp\/v2\/pages\/7629\/revisions"}],"wp:attachment":[{"href":"https:\/\/digitaltechnology.com.ar\/vinilosencd\/wp-json\/wp\/v2\/media?parent=7629"}],"curies":[{"name":"wp","href":"https:\/\/api.w.org\/{rel}","templated":true}]}}