{"id":3,"date":"2023-07-16T17:10:18","date_gmt":"2023-07-16T17:10:18","guid":{"rendered":"http:\/\/vinilosencd.free.nf\/?page_id=3"},"modified":"2024-04-04T22:02:59","modified_gmt":"2024-04-04T22:02:59","slug":"politica-de-privacidad","status":"publish","type":"page","link":"https:\/\/digitaltechnology.com.ar\/vinilosencd\/politica-de-privacidad\/","title":{"rendered":"Politica de Privacidad"},"content":{"rendered":"\n<p>El sitio web <a href=\"https:\/\/digitaltechnology.com.ar\/vinilosencd\/\">https:\/\/vinilosencd<\/a> es propiedad de VINILOS EN CD.<\/p>\n\n\n\n<h2 class=\"wp-block-heading\">Informaci\u00f3n Personal que Recopilamos:<\/h2>\n\n\n\n<p>Este sitio no recopila datos personales de ninguno de sus visitantes.<\/p>\n\n\n\n<h2 class=\"wp-block-heading\">Enlaces a Otros Sitios Web:<\/h2>\n\n\n\n<p>Nuestra web puede contener enlaces a otros sitios web que no son de nuestra propiedad ni est\u00e1n controlados por nosotros. Ten en cuenta que no somos responsables de dichos sitios web ni de las pr\u00e1cticas de privacidad de terceros. Te recomendamos que est\u00e9s atento cuando abandones nuestro sitio web y leas las declaraciones de privacidad de cada web que pueda recopilar informaci\u00f3n personal.<\/p>\n\n\n\n<h2 class=\"wp-block-heading\">Informaci\u00f3n de Contacto:<\/h2>\n\n\n\n<p>Si deseas comunicarte con nosotros para comprender m\u00e1s sobre esta Pol\u00edtica o deseas comunicarte con nosotros en relaci\u00f3n con cualquier asunto sobre los derechos individuales y tu informaci\u00f3n personal, puedes enviarnos un correo electr\u00f3nico a vinilosencd@gmail.com<\/p>\n<div class=\"pvc_clear\"><\/div><p id=\"pvc_stats_3\" class=\"pvc_stats all  \" data-element-id=\"3\" style=\"\"><i class=\"pvc-stats-icon medium\" aria-hidden=\"true\"><svg aria-hidden=\"true\" focusable=\"false\" data-prefix=\"far\" data-icon=\"chart-bar\" role=\"img\" xmlns=\"http:\/\/www.w3.org\/2000\/svg\" viewBox=\"0 0 512 512\" class=\"svg-inline--fa fa-chart-bar fa-w-16 fa-2x\"><path fill=\"currentColor\" d=\"M396.8 352h22.4c6.4 0 12.8-6.4 12.8-12.8V108.8c0-6.4-6.4-12.8-12.8-12.8h-22.4c-6.4 0-12.8 6.4-12.8 12.8v230.4c0 6.4 6.4 12.8 12.8 12.8zm-192 0h22.4c6.4 0 12.8-6.4 12.8-12.8V140.8c0-6.4-6.4-12.8-12.8-12.8h-22.4c-6.4 0-12.8 6.4-12.8 12.8v198.4c0 6.4 6.4 12.8 12.8 12.8zm96 0h22.4c6.4 0 12.8-6.4 12.8-12.8V204.8c0-6.4-6.4-12.8-12.8-12.8h-22.4c-6.4 0-12.8 6.4-12.8 12.8v134.4c0 6.4 6.4 12.8 12.8 12.8zM496 400H48V80c0-8.84-7.16-16-16-16H16C7.16 64 0 71.16 0 80v336c0 17.67 14.33 32 32 32h464c8.84 0 16-7.16 16-16v-16c0-8.84-7.16-16-16-16zm-387.2-48h22.4c6.4 0 12.8-6.4 12.8-12.8v-70.4c0-6.4-6.4-12.8-12.8-12.8h-22.4c-6.4 0-12.8 6.4-12.8 12.8v70.4c0 6.4 6.4 12.8 12.8 12.8z\" class=\"\"><\/path><\/svg><\/i> <img decoding=\"async\" width=\"16\" height=\"16\" alt=\"Loading\" data-src=\"https:\/\/digitaltechnology.com.ar\/vinilosencd\/wp-content\/plugins\/page-views-count\/ajax-loader-2x.gif\" border=0 src=\"data:image\/svg+xml;base64,PHN2ZyB3aWR0aD0iMSIgaGVpZ2h0PSIxIiB4bWxucz0iaHR0cDovL3d3dy53My5vcmcvMjAwMC9zdmciPjwvc3ZnPg==\" class=\"lazyload\" style=\"--smush-placeholder-width: 16px; --smush-placeholder-aspect-ratio: 16\/16;\" \/><\/p><div class=\"pvc_clear\"><\/div>","protected":false},"excerpt":{"rendered":"<p>El sitio web https:\/\/vinilosencd es propiedad de VINILOS EN CD. Informaci\u00f3n Personal que Recopilamos: Este sitio no recopila datos personales de ninguno de sus visitantes. Enlaces a Otros Sitios Web: Nuestra web puede contener enlaces a otros sitios web que no son de nuestra propiedad ni est\u00e1n controlados por nosotros. Ten en cuenta que no [&hellip;]<\/p>\n<div class=\"pvc_clear\"><\/div>\n<p id=\"pvc_stats_3\" class=\"pvc_stats all  \" data-element-id=\"3\" style=\"\"><i class=\"pvc-stats-icon medium\" aria-hidden=\"true\"><svg aria-hidden=\"true\" focusable=\"false\" data-prefix=\"far\" data-icon=\"chart-bar\" role=\"img\" xmlns=\"http:\/\/www.w3.org\/2000\/svg\" viewBox=\"0 0 512 512\" class=\"svg-inline--fa fa-chart-bar fa-w-16 fa-2x\"><path fill=\"currentColor\" d=\"M396.8 352h22.4c6.4 0 12.8-6.4 12.8-12.8V108.8c0-6.4-6.4-12.8-12.8-12.8h-22.4c-6.4 0-12.8 6.4-12.8 12.8v230.4c0 6.4 6.4 12.8 12.8 12.8zm-192 0h22.4c6.4 0 12.8-6.4 12.8-12.8V140.8c0-6.4-6.4-12.8-12.8-12.8h-22.4c-6.4 0-12.8 6.4-12.8 12.8v198.4c0 6.4 6.4 12.8 12.8 12.8zm96 0h22.4c6.4 0 12.8-6.4 12.8-12.8V204.8c0-6.4-6.4-12.8-12.8-12.8h-22.4c-6.4 0-12.8 6.4-12.8 12.8v134.4c0 6.4 6.4 12.8 12.8 12.8zM496 400H48V80c0-8.84-7.16-16-16-16H16C7.16 64 0 71.16 0 80v336c0 17.67 14.33 32 32 32h464c8.84 0 16-7.16 16-16v-16c0-8.84-7.16-16-16-16zm-387.2-48h22.4c6.4 0 12.8-6.4 12.8-12.8v-70.4c0-6.4-6.4-12.8-12.8-12.8h-22.4c-6.4 0-12.8 6.4-12.8 12.8v70.4c0 6.4 6.4 12.8 12.8 12.8z\" class=\"\"><\/path><\/svg><\/i> <img decoding=\"async\" width=\"16\" height=\"16\" alt=\"Loading\" data-src=\"https:\/\/digitaltechnology.com.ar\/vinilosencd\/wp-content\/plugins\/page-views-count\/ajax-loader-2x.gif\" border=0 src=\"data:image\/svg+xml;base64,PHN2ZyB3aWR0aD0iMSIgaGVpZ2h0PSIxIiB4bWxucz0iaHR0cDovL3d3dy53My5vcmcvMjAwMC9zdmciPjwvc3ZnPg==\" class=\"lazyload\" style=\"--smush-placeholder-width: 16px; --smush-placeholder-aspect-ratio: 16\/16;\" \/><\/p>\n<div class=\"pvc_clear\"><\/div>\n","protected":false},"author":1,"featured_media":0,"parent":0,"menu_order":13,"comment_status":"closed","ping_status":"closed","template":"","meta":{"site-sidebar-layout":"default","site-content-layout":"","ast-site-content-layout":"default","site-content-style":"default","site-sidebar-style":"default","ast-global-header-display":"","ast-banner-title-visibility":"","ast-main-header-display":"","ast-hfb-above-header-display":"","ast-hfb-below-header-display":"","ast-hfb-mobile-header-display":"","site-post-title":"","ast-breadcrumbs-content":"","ast-featured-img":"","footer-sml-layout":"","theme-transparent-header-meta":"","adv-header-id-meta":"","stick-header-meta":"","header-above-stick-meta":"","header-main-stick-meta":"","header-below-stick-meta":"","astra-migrate-meta-layouts":"set","ast-page-background-enabled":"default","ast-page-background-meta":{"desktop":{"background-color":"var(--ast-global-color-4)","background-image":"","background-repeat":"repeat","background-position":"center center","background-size":"auto","background-attachment":"scroll","background-type":"","background-media":"","overlay-type":"","overlay-color":"","overlay-opacity":"","overlay-gradient":""},"tablet":{"background-color":"","background-image":"","background-repeat":"repeat","background-position":"center center","background-size":"auto","background-attachment":"scroll","background-type":"","background-media":"","overlay-type":"","overlay-color":"","overlay-opacity":"","overlay-gradient":""},"mobile":{"background-color":"","background-image":"","background-repeat":"repeat","background-position":"center center","background-size":"auto","background-attachment":"scroll","background-type":"","background-media":"","overlay-type":"","overlay-color":"","overlay-opacity":"","overlay-gradient":""}},"ast-content-background-meta":{"desktop":{"background-color":"var(--ast-global-color-5)","background-image":"","background-repeat":"repeat","background-position":"center center","background-size":"auto","background-attachment":"scroll","background-type":"","background-media":"","overlay-type":"","overlay-color":"","overlay-opacity":"","overlay-gradient":""},"tablet":{"background-color":"var(--ast-global-color-5)","background-image":"","background-repeat":"repeat","background-position":"center center","background-size":"auto","background-attachment":"scroll","background-type":"","background-media":"","overlay-type":"","overlay-color":"","overlay-opacity":"","overlay-gradient":""},"mobile":{"background-color":"var(--ast-global-color-5)","background-image":"","background-repeat":"repeat","background-position":"center center","background-size":"auto","background-attachment":"scroll","background-type":"","background-media":"","overlay-type":"","overlay-color":"","overlay-opacity":"","overlay-gradient":""}},"footnotes":""},"class_list":["post-3","page","type-page","status-publish","hentry"],"yoast_head":"<!-- This site is optimized with the Yoast SEO plugin v27.4 - https:\/\/yoast.com\/product\/yoast-seo-wordpress\/ -->\n<title>Politica de Privacidad - Vinilos en Cd<\/title>\n<meta name=\"robots\" content=\"index, follow, max-snippet:-1, max-image-preview:large, max-video-preview:-1\" \/>\n<link rel=\"canonical\" href=\"https:\/\/digitaltechnology.com.ar\/vinilosencd\/politica-de-privacidad\/\" \/>\n<meta property=\"og:locale\" content=\"es_ES\" \/>\n<meta property=\"og:type\" content=\"article\" \/>\n<meta property=\"og:title\" content=\"Politica de Privacidad - Vinilos en Cd\" \/>\n<meta property=\"og:description\" content=\"El sitio web https:\/\/vinilosencd es propiedad de VINILOS EN CD. Informaci\u00f3n Personal que Recopilamos: Este sitio no recopila datos personales de ninguno de sus visitantes. Enlaces a Otros Sitios Web: Nuestra web puede contener enlaces a otros sitios web que no son de nuestra propiedad ni est\u00e1n controlados por nosotros. Ten en cuenta que no [&hellip;]\" \/>\n<meta property=\"og:url\" content=\"https:\/\/digitaltechnology.com.ar\/vinilosencd\/politica-de-privacidad\/\" \/>\n<meta property=\"og:site_name\" content=\"Vinilos en Cd\" \/>\n<meta property=\"article:modified_time\" content=\"2024-04-04T22:02:59+00:00\" \/>\n<meta name=\"twitter:card\" content=\"summary_large_image\" \/>\n<meta name=\"twitter:label1\" content=\"Tiempo de lectura\" \/>\n\t<meta name=\"twitter:data1\" content=\"1 minuto\" \/>\n<script type=\"application\/ld+json\" class=\"yoast-schema-graph\">{\"@context\":\"https:\\\/\\\/schema.org\",\"@graph\":[{\"@type\":\"WebPage\",\"@id\":\"https:\\\/\\\/digitaltechnology.com.ar\\\/vinilosencd\\\/politica-de-privacidad\\\/\",\"url\":\"https:\\\/\\\/digitaltechnology.com.ar\\\/vinilosencd\\\/politica-de-privacidad\\\/\",\"name\":\"Politica de Privacidad - Vinilos en Cd\",\"isPartOf\":{\"@id\":\"https:\\\/\\\/digitaltechnology.com.ar\\\/vinilosencd\\\/#website\"},\"datePublished\":\"2023-07-16T17:10:18+00:00\",\"dateModified\":\"2024-04-04T22:02:59+00:00\",\"breadcrumb\":{\"@id\":\"https:\\\/\\\/digitaltechnology.com.ar\\\/vinilosencd\\\/politica-de-privacidad\\\/#breadcrumb\"},\"inLanguage\":\"es\",\"potentialAction\":[{\"@type\":\"ReadAction\",\"target\":[\"https:\\\/\\\/digitaltechnology.com.ar\\\/vinilosencd\\\/politica-de-privacidad\\\/\"]}]},{\"@type\":\"BreadcrumbList\",\"@id\":\"https:\\\/\\\/digitaltechnology.com.ar\\\/vinilosencd\\\/politica-de-privacidad\\\/#breadcrumb\",\"itemListElement\":[{\"@type\":\"ListItem\",\"position\":1,\"name\":\"Portada\",\"item\":\"https:\\\/\\\/digitaltechnology.com.ar\\\/vinilosencd\\\/\"},{\"@type\":\"ListItem\",\"position\":2,\"name\":\"Politica de Privacidad\"}]},{\"@type\":\"WebSite\",\"@id\":\"https:\\\/\\\/digitaltechnology.com.ar\\\/vinilosencd\\\/#website\",\"url\":\"https:\\\/\\\/digitaltechnology.com.ar\\\/vinilosencd\\\/\",\"name\":\"Vinilos en Cd\",\"description\":\"Vinilos en Cd\",\"publisher\":{\"@id\":\"https:\\\/\\\/digitaltechnology.com.ar\\\/vinilosencd\\\/#\\\/schema\\\/person\\\/3daaa8782955ec57673395a497415cb6\"},\"potentialAction\":[{\"@type\":\"SearchAction\",\"target\":{\"@type\":\"EntryPoint\",\"urlTemplate\":\"https:\\\/\\\/digitaltechnology.com.ar\\\/vinilosencd\\\/?s={search_term_string}\"},\"query-input\":{\"@type\":\"PropertyValueSpecification\",\"valueRequired\":true,\"valueName\":\"search_term_string\"}}],\"inLanguage\":\"es\"},{\"@type\":[\"Person\",\"Organization\"],\"@id\":\"https:\\\/\\\/digitaltechnology.com.ar\\\/vinilosencd\\\/#\\\/schema\\\/person\\\/3daaa8782955ec57673395a497415cb6\",\"name\":\"admin\",\"image\":{\"@type\":\"ImageObject\",\"inLanguage\":\"es\",\"@id\":\"https:\\\/\\\/digitaltechnology.com.ar\\\/vinilosencd\\\/wp-content\\\/uploads\\\/2023\\\/07\\\/cropped-LOGO-CHICO-Centrado.png\",\"url\":\"https:\\\/\\\/digitaltechnology.com.ar\\\/vinilosencd\\\/wp-content\\\/uploads\\\/2023\\\/07\\\/cropped-LOGO-CHICO-Centrado.png\",\"contentUrl\":\"https:\\\/\\\/digitaltechnology.com.ar\\\/vinilosencd\\\/wp-content\\\/uploads\\\/2023\\\/07\\\/cropped-LOGO-CHICO-Centrado.png\",\"width\":1998,\"height\":457,\"caption\":\"admin\"},\"logo\":{\"@id\":\"https:\\\/\\\/digitaltechnology.com.ar\\\/vinilosencd\\\/wp-content\\\/uploads\\\/2023\\\/07\\\/cropped-LOGO-CHICO-Centrado.png\"},\"sameAs\":[\"http:\\\/\\\/vinilosencd.free.nf\"]}]}<\/script>\n<!-- \/ Yoast SEO plugin. -->","yoast_head_json":{"title":"Politica de Privacidad - Vinilos en Cd","robots":{"index":"index","follow":"follow","max-snippet":"max-snippet:-1","max-image-preview":"max-image-preview:large","max-video-preview":"max-video-preview:-1"},"canonical":"https:\/\/digitaltechnology.com.ar\/vinilosencd\/politica-de-privacidad\/","og_locale":"es_ES","og_type":"article","og_title":"Politica de Privacidad - Vinilos en Cd","og_description":"El sitio web https:\/\/vinilosencd es propiedad de VINILOS EN CD. Informaci\u00f3n Personal que Recopilamos: Este sitio no recopila datos personales de ninguno de sus visitantes. Enlaces a Otros Sitios Web: Nuestra web puede contener enlaces a otros sitios web que no son de nuestra propiedad ni est\u00e1n controlados por nosotros. Ten en cuenta que no [&hellip;]","og_url":"https:\/\/digitaltechnology.com.ar\/vinilosencd\/politica-de-privacidad\/","og_site_name":"Vinilos en Cd","article_modified_time":"2024-04-04T22:02:59+00:00","twitter_card":"summary_large_image","twitter_misc":{"Tiempo de lectura":"1 minuto"},"schema":{"@context":"https:\/\/schema.org","@graph":[{"@type":"WebPage","@id":"https:\/\/digitaltechnology.com.ar\/vinilosencd\/politica-de-privacidad\/","url":"https:\/\/digitaltechnology.com.ar\/vinilosencd\/politica-de-privacidad\/","name":"Politica de Privacidad - Vinilos en Cd","isPartOf":{"@id":"https:\/\/digitaltechnology.com.ar\/vinilosencd\/#website"},"datePublished":"2023-07-16T17:10:18+00:00","dateModified":"2024-04-04T22:02:59+00:00","breadcrumb":{"@id":"https:\/\/digitaltechnology.com.ar\/vinilosencd\/politica-de-privacidad\/#breadcrumb"},"inLanguage":"es","potentialAction":[{"@type":"ReadAction","target":["https:\/\/digitaltechnology.com.ar\/vinilosencd\/politica-de-privacidad\/"]}]},{"@type":"BreadcrumbList","@id":"https:\/\/digitaltechnology.com.ar\/vinilosencd\/politica-de-privacidad\/#breadcrumb","itemListElement":[{"@type":"ListItem","position":1,"name":"Portada","item":"https:\/\/digitaltechnology.com.ar\/vinilosencd\/"},{"@type":"ListItem","position":2,"name":"Politica de Privacidad"}]},{"@type":"WebSite","@id":"https:\/\/digitaltechnology.com.ar\/vinilosencd\/#website","url":"https:\/\/digitaltechnology.com.ar\/vinilosencd\/","name":"Vinilos en Cd","description":"Vinilos en Cd","publisher":{"@id":"https:\/\/digitaltechnology.com.ar\/vinilosencd\/#\/schema\/person\/3daaa8782955ec57673395a497415cb6"},"potentialAction":[{"@type":"SearchAction","target":{"@type":"EntryPoint","urlTemplate":"https:\/\/digitaltechnology.com.ar\/vinilosencd\/?s={search_term_string}"},"query-input":{"@type":"PropertyValueSpecification","valueRequired":true,"valueName":"search_term_string"}}],"inLanguage":"es"},{"@type":["Person","Organization"],"@id":"https:\/\/digitaltechnology.com.ar\/vinilosencd\/#\/schema\/person\/3daaa8782955ec57673395a497415cb6","name":"admin","image":{"@type":"ImageObject","inLanguage":"es","@id":"https:\/\/digitaltechnology.com.ar\/vinilosencd\/wp-content\/uploads\/2023\/07\/cropped-LOGO-CHICO-Centrado.png","url":"https:\/\/digitaltechnology.com.ar\/vinilosencd\/wp-content\/uploads\/2023\/07\/cropped-LOGO-CHICO-Centrado.png","contentUrl":"https:\/\/digitaltechnology.com.ar\/vinilosencd\/wp-content\/uploads\/2023\/07\/cropped-LOGO-CHICO-Centrado.png","width":1998,"height":457,"caption":"admin"},"logo":{"@id":"https:\/\/digitaltechnology.com.ar\/vinilosencd\/wp-content\/uploads\/2023\/07\/cropped-LOGO-CHICO-Centrado.png"},"sameAs":["http:\/\/vinilosencd.free.nf"]}]}},"_links":{"self":[{"href":"https:\/\/digitaltechnology.com.ar\/vinilosencd\/wp-json\/wp\/v2\/pages\/3","targetHints":{"allow":["GET"]}}],"collection":[{"href":"https:\/\/digitaltechnology.com.ar\/vinilosencd\/wp-json\/wp\/v2\/pages"}],"about":[{"href":"https:\/\/digitaltechnology.com.ar\/vinilosencd\/wp-json\/wp\/v2\/types\/page"}],"author":[{"embeddable":true,"href":"https:\/\/digitaltechnology.com.ar\/vinilosencd\/wp-json\/wp\/v2\/users\/1"}],"replies":[{"embeddable":true,"href":"https:\/\/digitaltechnology.com.ar\/vinilosencd\/wp-json\/wp\/v2\/comments?post=3"}],"version-history":[{"count":0,"href":"https:\/\/digitaltechnology.com.ar\/vinilosencd\/wp-json\/wp\/v2\/pages\/3\/revisions"}],"wp:attachment":[{"href":"https:\/\/digitaltechnology.com.ar\/vinilosencd\/wp-json\/wp\/v2\/media?parent=3"}],"curies":[{"name":"wp","href":"https:\/\/api.w.org\/{rel}","templated":true}]}}